{"id":13,"date":"2014-03-15T18:53:04","date_gmt":"2014-03-15T17:53:04","guid":{"rendered":"http:\/\/cluster013.ovh.net\/~maisonduwh\/site_resto\/?page_id=13"},"modified":"2026-01-13T09:18:39","modified_gmt":"2026-01-13T08:18:39","slug":"telecharger","status":"publish","type":"page","link":"http:\/\/www.maisondupeket.be\/amonnanesse\/telecharger\/","title":{"rendered":"T\u00e9l\u00e9charger"},"content":{"rendered":"<p><span style=\"color: #ff9900;\"><span style=\"font-family: 'Open Sans', Helvetica, Arial, sans-serif;\">Vous pouvez t\u00e9l\u00e9charger nos diff\u00e9rents menus en PDF et les imprimer :<\/span><\/span><\/p>\n<p><span style=\"color: #ff9900;\">\u2022\u00a0T\u00e9l\u00e9charger notre carte en\u00a0fran\u00e7ais <strong><span style=\"color: #ff6600;\"><a style=\"color: #ff6600;\" href=\"http:\/\/www.maisondupeket.be\/amonnanesse\/wp-content\/uploads\/2026\/01\/Carte_Restaurant_FR_2026.pdf\" target=\"_blank\" rel=\"noopener noreferrer\">ici<\/a><\/span>\u00a0 &#8211; <\/strong>In english <span style=\"color: #ff6600;\"><a style=\"color: #ff6600;\" href=\"http:\/\/www.maisondupeket.be\/amonnanesse\/wp-content\/uploads\/2026\/01\/Carte_Restaurant_EN_2026.pdf\" target=\"_blank\" rel=\"noopener noreferrer\"><strong>here<\/strong><\/a><\/span><strong>\u00a0&#8211;<\/strong>\u00a0het nederlands<b>\u00a0<span style=\"color: #ff6600;\"><a style=\"color: #ff6600;\" href=\"http:\/\/www.maisondupeket.be\/amonnanesse\/wp-content\/uploads\/2026\/01\/Carte_Restaurant_NEDERLANDS-2026.pdf\" target=\"_blank\" rel=\"noopener noreferrer\">hier<\/a><\/span><\/b><\/span><span style=\"color: #ff9900;\"><br \/>\u2022\u00a0T\u00e9l\u00e9charger nos menus <span style=\"color: #ff6600;\"><a style=\"color: #ff6600;\" href=\"http:\/\/www.maisondupeket.be\/amonnanesse\/wp-content\/uploads\/2026\/01\/Menu_Restaurant_2026_FR1-.pdf\" target=\"_blank\" rel=\"noopener noreferrer\"><strong>ici<\/strong><\/a><\/span>\u00a0In het nederlands\u00a0<span style=\"color: #ff6600;\"><a style=\"color: #ff6600;\" href=\"http:\/\/www.maisondupeket.be\/amonnanesse\/wp-content\/uploads\/2026\/01\/Menu-groupe-Nederlands-2026.pdf\" target=\"_blank\" rel=\"noopener noreferrer\"><strong>hier<\/strong><\/a><\/span><strong><a href=\"http:\/\/www.maisondupeket.be\/amonnanesse\/telechargement\/Menu_Restaurant_2014_FR1.pdf\" target=\"_blank\" rel=\"noopener noreferrer\"><span style=\"color: #ff9900;\"><br \/><\/span><\/a><\/strong>\u2022\u00a0T\u00e9l\u00e9charger notre menu du Terroir <strong><a href=\"http:\/\/www.maisondupeket.be\/amonnanesse\/wp-content\/uploads\/2026\/01\/MenuTERROIR2026.pdf\"><span style=\"color: #ff6600;\">ici<\/span><\/a><span style=\"color: #ff9900;\"><span style=\"color: #ff6600;\">\u00a0<\/span><\/span><\/strong><span style=\"color: #ff9900;\">In het nederlands\u00a0<\/span><\/span><strong><span style=\"color: #ff6600;\"><a style=\"color: #ff6600;\" href=\"http:\/\/www.maisondupeket.be\/amonnanesse\/wp-content\/uploads\/2026\/01\/MenuTERROIR-nederlands-2026.pdf\" target=\"_blank\" rel=\"noopener noreferrer\">hier<\/a>\u00a0<\/span><\/strong><span style=\"color: #ff9900;\">in english <span style=\"color: #ff6600;\"><strong><a style=\"color: #ff6600;\" href=\"http:\/\/www.maisondupeket.be\/amonnanesse\/wp-content\/uploads\/2026\/01\/MenuTERROIR-anglais-2026.pdf\" target=\"_blank\" rel=\"noopener noreferrer\">here<\/a><\/strong><\/span><strong><br \/><\/strong>\u2022\u00a0Download our menu\u00a0<span style=\"color: #ff6600;\"><strong><span style=\"color: #ff6600;\"><a style=\"color: #ff6600;\" href=\"http:\/\/www.maisondupeket.be\/amonnanesse\/wp-content\/uploads\/2026\/01\/Carte_Restaurant_EN_2026.pdf\" target=\"_blank\" rel=\"noopener noreferrer\">here<\/a>\u00a0<\/span><\/strong><span style=\"color: #ff6600;\"><span style=\"color: #ff9900;\">and menu for groups<\/span>\u00a0<a style=\"color: #ff6600;\" href=\"http:\/\/www.maisondupeket.be\/amonnanesse\/wp-content\/uploads\/2026\/01\/Menu-groupe-anglais-2026.pdf\" target=\"_blank\" rel=\"noopener noreferrer\"><strong>here<\/strong><\/a><\/span><\/span><\/span><\/p>\n<p><span style=\"color: #ff9900;\">\u2022 Laden Sie <span style=\"color: #ff6600;\"><strong><a style=\"color: #ff6600;\" href=\"http:\/\/www.maisondupeket.be\/amonnanesse\/wp-content\/uploads\/2026\/01\/Carte_Restaurant_DE_2026.pdf\" target=\"_blank\" rel=\"noopener noreferrer\">hier<\/a><\/strong><\/span> unsere Karte auf Deutsch herunter und das Gruppenmen\u00fc <span style=\"color: #ff6600;\"><strong><a style=\"color: #ff6600;\" href=\"http:\/\/www.maisondupeket.be\/amonnanesse\/wp-content\/uploads\/2026\/01\/Menu_Restaurant_2026_DE-.pdf\" target=\"_blank\" rel=\"noopener noreferrer\">hier<\/a><\/strong><\/span><\/span><\/p>\n<pre id=\"tw-target-text\" class=\"tw-data-text tw-text-large tw-ta\" dir=\"ltr\" data-placeholder=\"Traduction\" data-ved=\"2ahUKEwjutfSqiIyLAxVh1gIHHa0yCu0Q3ewLegQIBxAV\" aria-label=\"Texte traduit\u00a0: Laden Sie unsere Karte auf Deutsch herunter\">\u00a0<\/pre>\n\n\n<p><\/p>\n","protected":false},"excerpt":{"rendered":"<p>Vous pouvez t\u00e9l\u00e9charger nos diff\u00e9rents menus en PDF et les imprimer : \u2022\u00a0T\u00e9l\u00e9charger notre carte en\u00a0fran\u00e7ais ici\u00a0 &#8211; In english here\u00a0&#8211;\u00a0het nederlands\u00a0hier\u2022\u00a0T\u00e9l\u00e9charger nos menus ici\u00a0In het nederlands\u00a0hier\u2022\u00a0T\u00e9l\u00e9charger notre menu du Terroir ici\u00a0In het nederlands\u00a0hier\u00a0in english here\u2022\u00a0Download our menu\u00a0here\u00a0and menu for groups\u00a0here \u2022 Laden Sie hier unsere Karte auf Deutsch herunter und das Gruppenmen\u00fc hier \u00a0<\/p>\n","protected":false},"author":1,"featured_media":0,"parent":0,"menu_order":0,"comment_status":"closed","ping_status":"closed","template":"","meta":[],"_links":{"self":[{"href":"http:\/\/www.maisondupeket.be\/amonnanesse\/wp-json\/wp\/v2\/pages\/13"}],"collection":[{"href":"http:\/\/www.maisondupeket.be\/amonnanesse\/wp-json\/wp\/v2\/pages"}],"about":[{"href":"http:\/\/www.maisondupeket.be\/amonnanesse\/wp-json\/wp\/v2\/types\/page"}],"author":[{"embeddable":true,"href":"http:\/\/www.maisondupeket.be\/amonnanesse\/wp-json\/wp\/v2\/users\/1"}],"replies":[{"embeddable":true,"href":"http:\/\/www.maisondupeket.be\/amonnanesse\/wp-json\/wp\/v2\/comments?post=13"}],"version-history":[{"count":108,"href":"http:\/\/www.maisondupeket.be\/amonnanesse\/wp-json\/wp\/v2\/pages\/13\/revisions"}],"predecessor-version":[{"id":2146,"href":"http:\/\/www.maisondupeket.be\/amonnanesse\/wp-json\/wp\/v2\/pages\/13\/revisions\/2146"}],"wp:attachment":[{"href":"http:\/\/www.maisondupeket.be\/amonnanesse\/wp-json\/wp\/v2\/media?parent=13"}],"curies":[{"name":"wp","href":"https:\/\/api.w.org\/{rel}","templated":true}]}}